?
8c32
Convert 239a (base 12) to base 9.
5441
Convert 2313022 (base 4) to base 5.
333342
Convert 24710 (base 8) to base 13.
4b3a
What is -113010 (base 4) in base 12?
-a30
Convert 5151 (base 8) to base 10.
2665
Convert 178a (base 12) to base 8.
5432
80d (base 16) to base 2
100000001101
Convert 102140 (base 5) to base 11.
262a
1111323 (base 4) to base 8
12573
What is 270 (base 12) in base 7?
1041
-1111110 (base 2) to base 10
-126
-609 (base 13) to base 11
-850
What is -221222 (base 4) in base 3?
-10122202
Convert 264300 (base 7) to base 9.
74853
Convert -83a (base 16) to base 14.
-aa6
414b (base 13) to base 7
35204
What is 301 (base 13) in base 10?
508
What is -1163 (base 12) in base 4?
-132123
What is -3877 (base 9) in base 7?
-11320
What is 2230003 (base 4) in base 2?
10101100000011
Convert -1200212 (base 3) to base 7.
-3416
What is 1332302 (base 4) in base 5?
224424
Convert -5c (base 14) to base 15.
-57
1646 (base 8) to base 14
4aa
-31280 (base 12) to base 4
-33231000
Convert 60410 (base 7) to base 2.
11100100010001
-6e9 (base 15) to base 6
-11133
1510 (base 8) to base 7
2310
Convert -4054 (base 12) to base 11.
-5272
Convert c6a8 (base 13) to base 3.
1101202010
What is 28473 (base 10) in base 7?
146004
What is 69c8 (base 13) in base 3?
202101122
What is 22041 (base 5) in base 12?
a69
-2716 (base 12) to base 16
-1182
What is -47a (base 15) in base 13?
-601
What is 2667 (base 10) in base 8?
5153
-4550 (base 6) to base 4
-100302
321223 (base 4) to base 3
12001201
What is -6c6 (base 16) in base 13?
-a35
-5 (base 12) to base 16
-5
-101312 (base 4) to base 16
-476
What is -1111000010110 (base 2) in base 16?
-1e16
Convert -57 (base 13) to base 6.
-200
What is 12101 (base 4) in base 2?
110010001
Convert -48b5 (base 13) to base 9.
-15101
What is 475 (base 9) in base 8?
610
What is 415 (base 12) in base 8?
1121
What is 1221101120 (base 3) in base 14?
dcc1
-1233 (base 6) to base 8
-465
-398 (base 10) to base 12
-292
-358 (base 10) to base 11
-2a6
-111011 (base 3) to base 14
-1b5
What is 66774 (base 8) in base 16?
6dfc
-21561 (base 13) to base 8
-165523
Convert -121 (base 6) to base 9.
-54
What is 13fc (base 16) in base 15?
17b1
What is 2402 (base 6) in base 3?
210102
Convert -42214 (base 6) to base 4.
-1121002
Convert 2a2 (base 14) to base 13.
321
Convert -1100100011 (base 2) to base 4.
-30203
-19f8 (base 16) to base 3
-100010020
Convert 376 (base 9) to base 14.
184
Convert -c27d (base 16) to base 7.
-265105
6a2 (base 12) to base 5
12421
Convert 23200 (base 4) to base 16.
2e0
What is -20220 (base 3) in base 7?
-354
What is -3240 (base 7) in base 3?
-1120210
What is 10110 (base 7) in base 10?
2457
-1103 (base 5) to base 4
-2121
What is 40c4 (base 15) in base 11?
a310
Convert 221143 (base 5) to base 4.
1313321
1262 (base 7) to base 12
345
Convert -125 (base 7) to base 2.
-1000100
-476 (base 15) to base 12
-703
-a2a (base 14) to base 12
-11a6
1108 (base 15) to base 2
111000011000
-1293 (base 11) to base 9
-2261
What is 414 (base 12) in base 13?
367
What is -265 (base 14) in base 7?
-1255
Convert 7271 (base 9) to base 8.
12321
Convert 1000001110011000 (base 2) to base 12.
175b4
-62b3 (base 13) to base 12
-7aaa
Convert -210432 (base 5) to base 16.
-1b50
101000111000 (base 2) to base 3
10120220
What is 1a77 (base 11) in base 10?
2625
What is -23a7b (base 12) in base 13?
-18c20
1459 (base 12) to base 2
100101000101
Convert 10010011101 (base 2) to base 3.
1121202
-10011111010001001 (base 2) to base 7
-456512
1341042 (base 6) to base 2
10010011010010010
-2174 (base 8) to base 5
-14043
What is -350 (base 10) in base 5?
-2400
f9bf (base 16) to base 6
1211555
Convert 111022101 (base 3) to base 16.
25e7
142140 (base 5) to base 8
13440
What is 113b (base 15) in base 14?
1492
Convert 11272 (base 12) to base 7.
123404
Convert -120642 (base 8) to base 9.
-62675
What is -243 (base 7) in base 5?
-1004
Convert 385 (base 9) to base 2.
101000000
What is -324 (base 13) in base 12?
-389
Convert -8760 (base 9) to base 16.
-1935
What is 2019 (base 13) in base 8?
10500
What is 502033 (base 6) in base 4?
21212211
56866 (base 9) to base 3
1220222020
What is -32337 (base 9) in base 10?
-21418
1010121 (base 3) to base 2
1100111010
What is -10110 (base 7) in base 12?
-1509
What is 1541 (base 14) in base 10?
3781
113607 (base 8) to base 4
21132013
What is -23626 (base 7) in base 16?
-1801
Convert 1310134 (base 5) to base 9.
38181
Convert -4026 (base 14) to base 3.
-120002210
What is 6dec (base 16) in base 8?
66754
Convert -14 (base 5) to base 15.
-9
-28ea (base 15) to base 9
-13024
What is 122121 (base 6) in base 10?
10849
What is 2010202 (base 3) in base 14?
7d5
Convert 201100 (base 3) to base 2.
1000001010
What is 2101110 (base 3) in base 6?
12020
Convert -1686 (base 11) to base 15.
-986
Convert 1101000010001 (base 2) to base 6.
50521
-32302 (base 7) to base 11
-6048
716 (base 13) to base 14
61c
What is -100101110101 (base 2) in base 4?
-211311
What is 175624 (base 8) in base 6?
1214100
Convert -3113 (base 6) to base 7.
-2010
What is -7c (base 14) in base 9?
-132
Convert -14217 (base 10) to base 6.
-145453
Convert 231 (base 12) to base 4.
11011
Convert -438 (base 10) to base 11.
-369
Convert -304 (base 11) to base 13.
-223
Convert -1044 (base 8) to base 9.
-668
Convert 63017 (base 8) to base 16.
660f
-501 (base 9) to base 8
-626
Convert 44867 (base 9) to base 3.
1111222021
What is -32032 (base 4) in base 5?
-12120
What is 10131113 (base 4) in base 16?
4757
What is -1253 (base 11) in base 10?
-1631
Convert -144 (base 11) to base 5.
-1134
Convert 110001000 (base 3) to base 5.
240100
What is -117356 (base 8) in base 3?
-2001210220
-4054 (base 6) to base 3
-1020021
1110100001 (base 2) to base 15
41e
6335 (base 8) to base 4
303131
What is 41988 (base 11) in base 10?
61080
Convert 50d0 (base 16) to base 8.
50320
c99d (base 14) to base 10
34831
What is -102 (base 8) in base 5?
-231
Convert 4028 (base 16) to base 3.
211112022
Convert -25a6 (base 11) to base 3.
-11122022
Convert -c8e (base 15) to base 12.
-1782
91 (base 14) to base 5
1002
What is 42 (base 9) in base 8?
46
What is -3141 (base 8) in base 9?
-2214
Convert -3607 (base 10) to base 5.
-103412
Convert -1303 (base 5) to base 10.
-203
What is -101000011110000 (base 2) in base 14?
-77a0
What is -640 (base 10) in base 7?
-1603
What is 1314032 (base 5) in base 16?
661e
3311 (base 9) to base 12
14b4
10101011 (base 2) to base 5
1141
Convert -6123 (base 12) to base 4.
-2210223
-1101100200 (base 3) to base 2
-110101001100010
What is -1355 (base 6) in base 16?
-167
Convert 213021 (base 4) to base 14.
cad
What is 469 (base 12) in base 2?
1010010001
-118c (base 13) to base 15
-b07
-24344 (base 5) to base 11
-1431
Convert -46b (base 15) to base 11.
-830
Convert -216 (base 14) to base 8.
-634
-243124 (base 5) to base 11
-6981
Convert 441 (base 10) to base 2.
110111001
What is 535 (base 9) in base 6?
2005
Convert -3560 (base 8) to base 4.
-131300
Convert 1112 (base 5) to base 11.
133
Convert -798 (base 11) to base 8.
-1672
Convert -6184 (base 16) to base 5.
-1244324
2010112 (base 4) to base 6
103114
Convert 75 (base 13) to base 16.
60
What is 54483 (base 10) in base 14?
15bd9
Convert -174 (base 11) to base 3.
-21111
15622 (base 7) to base 2
1000101001010
Convert 455 (base 10) to base 13.
290
What is -1752 (base 11) in base 4?
-202323
What is 167 (base 11) in base 5?
1234
What is 130aa (base 12) in base 3?
1022201211
Convert 6597 (base 14) to base 15.
531c
Convert -1100011000001101 (base 2) to base 14.
-14697
Convert 21037 (base 11) to base 2.
111011110111101
Convert 3155 (base 13) to base 14.
26bc
-1020022 (base 3) to base 9
-1208
Convert -20481 (base 9) to base 4.
-3103033
Convert -3f85 (base 16) to base 9.
-24267
What is -299 (base 14) in base 8?
-1017
What is -19 (base 16) in base 6?
-41
Convert -2145 (base 10) to base 13.
-c90
-666 (base 15) to base 11
-10a5
What is 645 (base 8) in base 13?
265
Convert -10001100010 (base 2) to base 10.
-1122
What is 110210 (base 3) in base 8?
531
28161 (base 9) to base 16
4a92
-1111011101110 (base 2) to base 8
-17356
Convert 21311 (base 6) to base 8.
5553
What is -a9 (base 13) in base 9?
-164
Convert -303131 (base 5) to base 13.
-45c2
1044141 (base 5) to base 15
57eb
Convert 105 (base 10) to base 11.
96
-